{"id":908,"date":"2009-11-19T09:30:53","date_gmt":"2009-11-19T14:30:53","guid":{"rendered":"http:\/\/richardaseguin.com\/fra\/?page_id=25"},"modified":"2015-02-05T16:18:26","modified_gmt":"2015-02-05T15:18:26","slug":"eau-de-source","status":"publish","type":"page","link":"http:\/\/richardaseguin.com\/fra\/?page_id=908","title":{"rendered":"Eau de source"},"content":{"rendered":"<p>\u00ab Ici on est parfois isol\u00e9. Tous les chemins ne m\u00e8nent pas au canton de Clarence. On se r\u00e9veille le matin aux creux de la vall\u00e9e de l\u2019Outaouais; c\u2019est comme vivre dans un nid. \u00bb<\/p>\n<p>Un album double divis\u00e9 \u00e9galement entre mes pi\u00e8ces solo et les duos avec Marc Beneteau, avec qui j&rsquo;ai d\u00e9velopp\u00e9 une affinit\u00e9 particuliaire \u00e0 la guitare. Roch Tass\u00e9 ajoute de la percussion et Fred Priebe nous accompagne \u00e0 la guitare sur les tounes de banjo. En \u00e9vidence sont les nombreuses compositions qui t\u00e9moignent de mon amour de la nature, que j&rsquo;ai acquis en grandissant \u00e0 la campagne. Ma ville natale de Rockland et les cantons unis de Prescott-Russell sont aussi des inspirations \u00e9videntes. Le lancement officiel du disque se fait \u00e0 la fromagerie St-Albert.<\/p>\n<p><a href=\"http:\/\/richardaseguin.com\/fra\/wp-content\/uploads\/2009\/11\/eau-source_600recto.jpg\" target=\"_blank\"><img loading=\"lazy\" decoding=\"async\" class=\"alignleft size-full wp-image-109\" style=\"margin: 5px 30px 30px 0px;\" title=\"Eau de source recto\" src=\"http:\/\/richardaseguin.com\/fra\/wp-content\/uploads\/2009\/11\/eau-source_200recto.jpg\" alt=\"eau-source_200recto\" width=\"200\" height=\"200\" \/><\/a><a href=\"http:\/\/richardaseguin.com\/fra\/wp-content\/uploads\/2009\/11\/eau-source_600verso.jpg\" target=\"_blank\"><img loading=\"lazy\" decoding=\"async\" class=\"alignleft size-full wp-image-110\" style=\"margin: 5px 80px 30px 0px;\" title=\"Eau de source verso\" src=\"http:\/\/richardaseguin.com\/fra\/wp-content\/uploads\/2009\/11\/eau-source_200verso.jpg\" alt=\"eau-source_200verso\" width=\"200\" height=\"200\" \/><\/a><\/p>\n<p>\u00a0<\/p>\n<p>\u00a0<\/p>\n<p>\u00a0<\/p>\n<p>\u00a0<\/p>\n<p>\u00a0<\/p>\n<p>\u00a0<\/p>\n<p>\u00a0<\/p>\n<p>\u00a0<img loading=\"lazy\" decoding=\"async\" class=\"alignleft size-medium wp-image-451\" title=\"Studio\" src=\"http:\/\/richardaseguin.com\/fra\/wp-content\/uploads\/2009\/11\/Studio1-197x300.jpg\" alt=\"Studio\" width=\"197\" height=\"300\" \/><img loading=\"lazy\" decoding=\"async\" class=\"aligncenter size-medium wp-image-452\" title=\"Marc\" src=\"http:\/\/richardaseguin.com\/fra\/wp-content\/uploads\/2009\/11\/Marc1-202x300.jpg\" alt=\"Marc\" width=\"202\" height=\"300\" \/><\/p>\n<p>\u00a0<img loading=\"lazy\" decoding=\"async\" class=\"alignleft size-medium wp-image-454\" title=\"Bongo\" src=\"http:\/\/richardaseguin.com\/fra\/wp-content\/uploads\/2009\/11\/Bongo-294x300.jpg\" alt=\"Bongo\" width=\"294\" height=\"300\" \/><img loading=\"lazy\" decoding=\"async\" class=\"aligncenter size-medium wp-image-455\" title=\"Fred 2\" src=\"http:\/\/richardaseguin.com\/fra\/wp-content\/uploads\/2009\/11\/Fred-21-296x300.jpg\" alt=\"Fred 2\" width=\"296\" height=\"300\" \/><\/p>\n<p>\u00a0<\/p>\n<p>\u00a0<\/p>\n<p>\u00a0<\/p>\n<p>\u00a0<\/p>\n<p>\u00c9coutez Richard jouer \u00ab\u00a0Je r&rsquo;tourne chez-nous\u00a0\u00bb en cliquant sur ce lien:<\/p>\n<p><iframe loading=\"lazy\" title=\"Je r&#039;tourne chez nous\" width=\"500\" height=\"375\" src=\"https:\/\/www.youtube.com\/embed\/BxiMeM5QRx0?feature=oembed\" frameborder=\"0\" allow=\"accelerometer; autoplay; clipboard-write; encrypted-media; gyroscope; picture-in-picture; web-share\" referrerpolicy=\"strict-origin-when-cross-origin\" allowfullscreen><\/iframe><\/p>\n<p>\u00a0<\/p>\n<p>Musique: Richard A. S\u00e9guin<br \/>\nsauf <em>Samedi matin<\/em> par Marc B\u00e9n\u00e9teau et Avec le courant par M. B\u00e9n\u00e9teau et R.A. S\u00e9guin<\/p>\n<p>Guitare acoustique et banjo: Richard A. S\u00e9guin<br \/>\nGuitare acoustique: Marc B\u00e9n\u00e9teau<br \/>\nGuitare d\u2019accompagnement sur les tounes de banjo: Fred Priebe<br \/>\nPercussion: Roch Tass\u00e9<br \/>\nPrise de son et mixage: John Cybanski<br \/>\nPDG: Jean Laporte<br \/>\nMetteur en sc\u00e8ne: Robert Lemay<br \/>\nProduction: Cin\u00e9sources 10<br \/>\nDistribution: Centre La Ste-Famille<br \/>\nEnregistr\u00e9 \u00e0 Ottawa, Ontario<br \/>\nIllustrations: Michel Lavigne<br \/>\nPhotographies: John Beaulieu et Robert S\u00e9guin<\/p>\n<p>A<br \/>\n1. Avant-coureur<br \/>\n2. Apr\u00e8s la pluie<br \/>\n3. Samedi matin<br \/>\n4. Feuilles et lumi\u00e8re<br \/>\n5. Le sentier<br \/>\n6. Avec le courant<br \/>\n7. Si bleu<br \/>\n8. Dans la clairi\u00e8re<br \/>\n9. Angelus<br \/>\n10. Les ruines<br \/>\n11. Je r\u2019tourne chez nous<\/p>\n<p>B<br \/>\n1. \u00c0 travers les champs<br \/>\n2. Ce que le vent a dit<br \/>\n3. Frappe \u00e0 la porte<br \/>\n4. Sur mon chemin<br \/>\n5. L\u2019aviron<br \/>\n6. Tr\u00e8s vite fini<br \/>\n7. Du monde en ville<br \/>\n8. Ptit train va loin<br \/>\n9. Brouillard<br \/>\n10. Vers le nid<br \/>\n11. Tourne en rond<br \/>\n12. Oh, mes soeurs<br \/>\n13. R.R. #1<br \/>\n14. Soyez bien \/ Eau de source<\/p>\n<p>Pour se procurer <em>Eau de source<\/em>, contacter <a href=\"http:\/\/pentafolio.com\/fr\/joindre.html\" target=\"_blank\">Pentafolio inc.<\/a><\/p>\n","protected":false},"excerpt":{"rendered":"<p>\u00ab Ici on est parfois isol\u00e9. Tous les chemins ne m\u00e8nent pas au canton de Clarence. On se r\u00e9veille le matin aux creux de la vall\u00e9e de l\u2019Outaouais; c\u2019est comme vivre dans un nid. \u00bb Un album double divis\u00e9 \u00e9galement entre mes pi\u00e8ces solo et les duos avec Marc Beneteau, avec qui j&rsquo;ai d\u00e9velopp\u00e9 une [&hellip;]<\/p>\n","protected":false},"author":1,"featured_media":0,"parent":906,"menu_order":4,"comment_status":"closed","ping_status":"closed","template":"page_static.php","meta":{"footnotes":""},"_links":{"self":[{"href":"http:\/\/richardaseguin.com\/fra\/index.php?rest_route=\/wp\/v2\/pages\/908"}],"collection":[{"href":"http:\/\/richardaseguin.com\/fra\/index.php?rest_route=\/wp\/v2\/pages"}],"about":[{"href":"http:\/\/richardaseguin.com\/fra\/index.php?rest_route=\/wp\/v2\/types\/page"}],"author":[{"embeddable":true,"href":"http:\/\/richardaseguin.com\/fra\/index.php?rest_route=\/wp\/v2\/users\/1"}],"replies":[{"embeddable":true,"href":"http:\/\/richardaseguin.com\/fra\/index.php?rest_route=%2Fwp%2Fv2%2Fcomments&post=908"}],"version-history":[{"count":1,"href":"http:\/\/richardaseguin.com\/fra\/index.php?rest_route=\/wp\/v2\/pages\/908\/revisions"}],"predecessor-version":[{"id":1073,"href":"http:\/\/richardaseguin.com\/fra\/index.php?rest_route=\/wp\/v2\/pages\/908\/revisions\/1073"}],"up":[{"embeddable":true,"href":"http:\/\/richardaseguin.com\/fra\/index.php?rest_route=\/wp\/v2\/pages\/906"}],"wp:attachment":[{"href":"http:\/\/richardaseguin.com\/fra\/index.php?rest_route=%2Fwp%2Fv2%2Fmedia&parent=908"}],"curies":[{"name":"wp","href":"https:\/\/api.w.org\/{rel}","templated":true}]}}